ond derivative of -13*y**3/6 + y**2/2 - 7*y - 9. What is o(1)?
-12
Let y(f) be the second derivative of f**3/3 - 3*f**2/2 + 57*f + 1. Give y(0).
-3
Let p(l) = l**3 + l**2 + 26. Let k be p(0). Suppose -24*m = -k*m + 6. Let y(s) = s**2 - 5*s. Give y(m).
-6
Let l(o) = -17*o**2 - 4*o. Let k(v) = 41*v**2 + 9*v. Let c(m) = 3*k(m) + 7*l(m). Let f(q) = q**3 - 4*q**2 + 2*q + 4. Let n be f(3). Determine c(n).
3
Let o(s) be the third derivative of s**7/840 - s**6/180 - s**5/30 + s**4/12 - 41*s**3/6 - 24*s**2. Let y(q) be the first derivative of o(q). What is y(3)?
-1
Let d(b) = 6*b + 1. Let p(t) = 13*t + 1. Let r(j) = 5*d(j) - 2*p(j). Let z(u) = 5*u + 4. Let c(o) = 4*r(o) - 3*z(o). Determine c(-5).
-5
Suppose 2*j + r - 28 = 0, -5*j + 4*r = 3*r - 77. Let p = j - 17. Let o(l) = -2*l**3 - 4*l**2 - 3*l - 2. Give o(p).
4
Suppose 4 = 2*x + v + 7, -x + 2 = -3*v. Let f(u) = 12*u - 3. Determine f(x).
-15
Let x(b) = b**3 + 5*b**2 + 5*b + 8. Let y be x(-4). Suppose 3*d + 7 = -5*k + y*d, 2*k + 13 = -3*d. Let g(i) = -i**2 - 2*i + 2. What is g(k)?
2
Let d(p) = p**3 - 10*p**2 - 2*p + 22. Let i be d(10). Let j(z) = z**2 + 3*z - 1. Calculate j(i).
9
Let k be -1 - (770/(-140) + (3 + -1)/4). Let v(b) be the third derivative of -b**5/60 + b**4/6 + 2*b**3/3 + b**2. Calculate v(k).
4
Let o(s) be the third derivative of -s**4/8 + 19*s**3/3 + 14*s**2 - 5*s. Determine o(13).
-1
Let d be (-5 - -4)*-2 + -4. Let t be d/(-3 - (-30)/12). Let p(q) = q - 1. Calculate p(t).
3
Let y be 15 - ((-2)/2 + 3). Suppose -3*w - y - 5 = 0. Let p(t) = 3*t + 9. Give p(w).
-9
Let b(f) be the third derivative of f**6/60 - f**5/20 + f**4/8 - f**3/3 - 37*f**2. What is b(2)?
8
Let n be (0 + -3)/(54/(-54)). Let s(u) be the first derivative of 1/2*u**2 - 1/3*u**3 - n - u. What is s(2)?
-3
Let y(o) = o**2 - 7*o + 6. Let u be 7/(21/6)*-3. Let n be 2 - (u - 3/(-1)). What is y(n)?
-4
Let r(m) = m**2 - 30*m + 95. Let f be r(26). Let z(o) = 2*o - 6. Give z(f).
-24
Suppose 0*h + h = 5. Let o(s) = 2*s + 19. Let k(f) = 3*f + 37. Let z(n) = k(n) - 2*o(n). Give z(h).
-6
Let v(r) = r**3 - r**2 + 1. Let z be v(1). Let b(w) be the first derivative of -w**4/4 - w**3/3 + w - 1065. What is b(z)?
-1
Let d be (45/6)/(2/(-4)). Let a be 11 + d - (-10)/1. Let n(g) = g - 3. Give n(a).
3
Let c(k) = k**3 + 11*k**2 - k - 7. Suppose 4*l = 5*i - 219, 4*l - 2*i + 44 = -166. Let d = -62 - l. Give c(d).
4
Suppose -4*t = 0, -7*w + 3*w = -5*t - 12. Let p = 4 - w. Let s(k) = -k + p + 2*k + 3*k + k**2. What is s(-3)?
-2
Let f(i) be the second derivative of -i**5/20 + i**4/12 + i**3/6 - 9*i**2/2 + 6*i + 4. Suppose 0 = 2*x - 2*g - 2, 0*g + 4 = -4*x - 4*g. What is f(x)?
-9
Let c be -4*((-3)/6)/1. Let h(l) = -2 + 2*l**2 + 6*l**3 - 3*l**3 + 1 - l**c + l. Let s = -1 - -2. What is h(s)?
4
Let q(j) = 5*j**3 - 19*j**2 + 8*j + 12. Let w(i) = -4*i**3 + 15*i**2 - 6*i - 12. Let d(k) = 5*q(k) + 6*w(k). Calculate d(5).
8
Let x(j) = -4*j - 1. Suppose 4*h - 11 - 9 = 0. Let v be (1 + (3 - h))/((-2)/(-2)). Determine x(v).
3
Let t(f) = -f**3 - 7*f**2 + 8*f + 8. Suppose -6*x - 16 = -4*x. Give t(x).
8
Let x = 12 - 13. Let k be (0 - 1/x) + -1. Let s(h) = h**3 - h**2 - 9*h + 1 + 0*h**3 + 9*h. What is s(k)?
1
Let j(r) = -33*r + 15*r - 2*r**2 + 0*r**2 + 5 + 16*r. Determine j(2).
-7
Let x(b) = -b**3 - 6*b**2 + 2*b + 2. Let h be 3*(-4)/(-42) + (-26)/(-7). Suppose k - h*i = -3*i - 9, -k - 15 = -3*i. Calculate x(k).
-10
Let p(g) = -g**2 + g + 7. Let j = 120 - 120. What is p(j)?
7
Let d(x) be the third derivative of x**6/120 - x**5/6 + x**4/6 - x**3/2 - 8*x**2 + 9*x. Calculate d(10).
37
Let x(z) = -z**2 - z + 1. Let t(r) = 5*r**2 + 5*r - 5. Let m(n) = 2*t(n) + 9*x(n). Suppose 9 = 9*w - 6*w. Let o = w - 3. Give m(o).
-1
Suppose -4*i + 5*f = 209, 4*i = -i - 3*f - 215. Let c = 53 + i. Let v(u) be the third derivative of -u**6/120 + 7*u**5/60 - 3*u**3/2 - 4*u**2. What is v(c)?
-9
Let w be 3/15 - 1/5. Suppose w = -5*c - 0*c. Suppose c*b + 2 = -b. Let k(n) = -n**3 - 6*n**2 - 2*n + 1. Determine k(b).
-11
Let n(p) = -p**2 - 4*p. Suppose a + 4*z + 68 = 5*a, 2*z = -2. Suppose -a = -4*d - 0. Let y be (d + 0)/((-1)/1). Give n(y).
0
Let x(l) be the third derivative of -l**4/12 + 54*l**2 - 3*l. Let p(j) = -j**2 + 6*j - 3. Let y be p(5). Suppose 2 = 4*i - y. Calculate x(i).
-2
Let t = -74 - -65. Let f(x) = -x**2 - 9*x + 3. Let d be f(t). Let g(b) = 4*b - 3. Calculate g(d).
9
Suppose -12 = -3*q, -2*u - 4*q + 15 = -29. Let h(f) = -f**3 + 15*f**2 - 15*f + 5. Calculate h(u).
-9
Let d(l) be the first derivative of l**4/4 - 2*l**3/3 - l**2 - 3*l + 1. Suppose 24*h - 17 - 29 = 26. What is d(h)?
0
Let f(x) = 10*x - 31. Let h be f(3). Let o(i) = 23*i**2 + i. Give o(h).
22
Suppose 2*y = -2 - 2. Suppose 2*h - 14 = -5*d, 2*d + 3*h - 8 = 2. Let o(a) = 1 + a + 3*a**3 - d*a**3 - 50*a**2 + 52*a**2. What is o(y)?
-1
Let k(r) = r**2 + 6*r - 5. Let i be 175/(-28) - (13/(-4) - -3). Calculate k(i).
-5
Let y(x) = x + 4. Let q = 6 + 3. Let r be q/2 + -3 + (-15)/2. Determine y(r).
-2
Let w(z) be the first derivative of -z**3/3 - z**2 + 3*z - 1. Let x be (-6)/(-7*(-2)/2)*-21. Let h = -22 + x. Determine w(h).
-5
Let f(b) = b - 5. Let m(u) = u**2 - 3*u - 4. Let k be m(4). Suppose g - 3*p = -k*g, -2*g + 11 = 5*p. Suppose -t + 4*a = 0, g = 2*t - t - a. Determine f(t).
-1
Let v be 4118/852 - 1/(-6). Let g(c) = -c**3 + 6*c**2 - 7*c + 7. What is g(v)?
-3
Let q(a) be the second derivative of -1/3*a**3 + 5/12*a**4 - 1/20*a**5 - 23*a - a**2 + 0. Calculate q(2).
6
Let m = 30 + -28. Suppose -m*a = -6*a. Let c(w) = -w - 10. Determine c(a).
-10
Let y(l) = -l + 7. Let o(h) = 7*h - 6*h - 15 + h. Let s(a) = -3*o(a) - 7*y(a). What is s(6)?
2
Let h(q) = q - 9. Let m(n) = n**3 - 10*n**2 + 6. Let a be m(10). Let p be (a + -5)*0/1. Suppose 0 = -p*t - t. Determine h(t).
-9
Let b(j) = j**2 + j + 1. Let l(h) = -5*h**2 - 9*h - 13. Let q(w) = -6*b(w) - l(w). What is q(0)?
7
Let p(a) = 6*a**2 - a + 1. Let b(t) = -7*t**2 - 2*t - 6. Let n(h) = b(h) + p(h). Determine n(-6).
-23
Suppose -4*v + 8*g - 5*g = -33, 2*g - 12 = -3*v. Suppose 2*n - 20 = 4*z, 0 = n - 4*z + 1 - 11. Let s(h) = 5 + 7*h + 13*h**2 - 4*h**2 - n*h**2. What is s(v)?
11
Let c(r) = -1279*r**2 + 2568*r**2 + r - 1278*r**2 - 1. Calculate c(-2).
41
Let t(n) = 4*n**2 - 1. Let w = 235 - 234. Determine t(w).
3
Let f(r) = -30*r - 81. Let k(p) = 3*p + 8. Let x(m) = 2*f(m) + 21*k(m). Calculate x(5).
21
Let a(y) = y**3 - 4*y**2 + 3*y - 2. Let m = 7 + 7. Let r be (-3)/7 - (-34)/m. Determine a(r).
-4
Let g = 10 - 9. Let z(o) = 5*o**3 + 2 - 10 + 1 + 6 - 4*o**3. Determine z(g).
0
Let i(n) = -2*n**2 - 3*n + 3. Let w = 22 - 24. Let f(z) = z**3 - z**2 - z + 1. Let c(t) = w*f(t) + i(t). What is c(-2)?
19
Let a(l) = -l + 5. Let t be (-256)/(-56) - -4*5/(-35). What is a(t)?
1
Let n(u) = -u**2 - u + 3. Let p(b) be the second derivative of b**5/20 - 5*b**4/12 + b**3/6 - 9*b**2/2 + 19*b. Let r be p(5). Give n(r).
-9
Suppose 3*b - 14 = -6*v + 2*v, 5*v - 13 = -3*b. Suppose -7*l + b*l = 2. Let h(a) = -a**3 + a**2 + a. Determine h(l).
10
Let p(l) = -12*l - 11*l + 10*l + 1. Suppose 0 = -20*v + 808 - 828. Calculate p(v).
14
Let m(y) = y**2 - 13*y + 25. Let f be m(10). Let x(u) = 4*u + 3. Give x(f).
-17
Let m(n) be the second derivative of -n**3/6 - n**2 - 1602*n. Let h(s) = -4*s**3 - s**2 + s + 1. Let q be h(-1). What is m(q)?
-5
Suppose -144 = 5*l + 4*l. Suppose -5*t = -2*t - 36. Let s = t + l. Let i(v) = v**3 + 3*v**2 - 4*v + 1. Give i(s).
1
Let a(o) = -7 + o + 3 - 5. Suppose 47*d = 42*d + 20. Determine a(d).
-5
Suppose 6 = w + b, -w - w = 4*b - 18. Suppose 18 = -0*x - w*x. Let v(u) be the first derivative of u**4/4 + 5*u**3/3 - 7*u**2/2 - 8*u + 22. Give v(x).
-2
Let y(g) be the second derivative of -g**5/20 + g**4/6 + 2*g**3/3 - g**2 + 115*g. Let o(k) = k**2 - 5*k + 3. Let j be o(5). What is y(j)?
1
Suppose 3*l + 2*r + 3 = 4*r, 3 = -3*l - 4*r. Let t(x) = 24*x - 1. Determine t(l).
-25
Let j be (-3 - (-33)/9)*33. Let l be 11/j*(37 + -1). Let v be 7 - (l/(-3))/(-2). Let o(b) = b - 5. Calculate o(v).
-1
Let q(p) = -209*p**2 - 5*p + 214*p**2 + 8*p + p**3. Calculate q(-4).
4
Suppose 4*z + 3*k = 11, 5 = k + 4*k. Let a(d) = 2*d**2 + z + 4*d - 4 - 1 - d. Calculate a(-3).
6
Let m = -5 - -2. Let r = 23 + -12. Let d(k) = -16 - r - 3*k + 25. Determine d(m).
7
Let p be 2/(-3)*(1 - -2). Let l(t) = 13*t**2 - 3*t - 